{"id":25,"date":"2024-04-24T15:25:39","date_gmt":"2024-04-24T13:25:39","guid":{"rendered":"https:\/\/www.narita.es\/thinklab\/?page_id=25"},"modified":"2024-11-29T01:51:01","modified_gmt":"2024-11-29T00:51:01","slug":"contacto","status":"publish","type":"page","link":"https:\/\/www.narita.es\/thinklab\/contacto\/","title":{"rendered":"Contacto"},"content":{"rendered":"\n<div class=\"mwm-contact\">\n    <div class=\"max-3\">\n        <h1 class=\"mwm-contact__title text-center\">V. Contacto<\/h1>\n        <div class=\"mwm-contact__wrapper\">\n            <div class=\"mwm-contact__text\">\n                <h2 class=\"mwm-contact__subtitle\">\u00bfCrees que tienes algo que contarnos o que aportar a Narita ThinkLab? Ap\u00fantate a nuestra newsletter o ponte\u2028en contacto. <small>(Tambi\u00e9n puedes llamarnos\u2026)<\/small><\/h2>\n                <div class=\"mwm-contact__location\"><p>Narita ThinkLab [M\u00c1LAGA]<br \/>Pintor Joaqu\u00edn Sorolla 87, 29016 &#8211; M\u00e1laga<\/p>\n<\/div>\n                <div class=\"mwm-contact__text-footer\">\n                    <a href=\"tel: +(34) 952 25 27 25\" class=\"mwm-contact__number\">+(34) 952 25 27 25<\/a>\n                    <div class=\"mwm-contact__info\"><p>Todos los derechos reservados\u00a0\u00a9\u00a0Narita Estudio<\/p>\n<p>En virtud de la ley 15\/1999, de 13 de diciembre, sobre la Protecci\u00f3n de datos de car\u00e1cter personal, le hacemos conocedor de que sus datos que pueden estar en esta comunicaci\u00f3n, est\u00e1n incorporados en un fichero automatizado responsabilidad de <br \/>NARITA ESTUDIO.<\/p>\n<\/div>\n                <\/div>\n            <\/div>\n            <div class=\"mwm-contact__form\">\n<div class=\"wpcf7 no-js\" id=\"wpcf7-f197-o1\" lang=\"es-ES\" dir=\"ltr\" data-wpcf7-id=\"197\">\n<div class=\"screen-reader-response\"><p role=\"status\" aria-live=\"polite\" aria-atomic=\"true\"><\/p> <ul><\/ul><\/div>\n<form action=\"\/thinklab\/wp-json\/wp\/v2\/pages\/25#wpcf7-f197-o1\" method=\"post\" class=\"wpcf7-form init\" aria-label=\"Formulario de contacto\" novalidate=\"novalidate\" data-status=\"init\">\n<fieldset class=\"hidden-fields-container\"><input type=\"hidden\" name=\"_wpcf7\" value=\"197\" \/><input type=\"hidden\" name=\"_wpcf7_version\" value=\"6.1.5\" \/><input type=\"hidden\" name=\"_wpcf7_locale\" value=\"es_ES\" \/><input type=\"hidden\" name=\"_wpcf7_unit_tag\" value=\"wpcf7-f197-o1\" \/><input type=\"hidden\" name=\"_wpcf7_container_post\" value=\"0\" \/><input type=\"hidden\" name=\"_wpcf7_posted_data_hash\" value=\"\" \/>\n<\/fieldset>\n<p><span class=\"wpcf7-form-control-wrap\" data-name=\"your-name\"><input size=\"40\" maxlength=\"400\" class=\"wpcf7-form-control wpcf7-text wpcf7-validates-as-required\" aria-required=\"true\" aria-invalid=\"false\" placeholder=\"Tu nombre*\" value=\"\" type=\"text\" name=\"your-name\" \/><\/span>\n<\/p>\n<p><span class=\"wpcf7-form-control-wrap\" data-name=\"your-email\"><input size=\"40\" maxlength=\"400\" class=\"wpcf7-form-control wpcf7-email wpcf7-validates-as-required wpcf7-text wpcf7-validates-as-email\" aria-required=\"true\" aria-invalid=\"false\" placeholder=\"Tu correo electr\u00f3nico*\" value=\"\" type=\"email\" name=\"your-email\" \/><\/span>\n<\/p>\n<p><span class=\"wpcf7-form-control-wrap\" data-name=\"asunto\"><input size=\"40\" maxlength=\"400\" class=\"wpcf7-form-control wpcf7-text\" aria-invalid=\"false\" placeholder=\"Asunto*\" value=\"\" type=\"text\" name=\"asunto\" \/><\/span>\n<\/p>\n<p><span class=\"wpcf7-form-control-wrap\" data-name=\"your-message\"><textarea cols=\"40\" rows=\"10\" maxlength=\"2000\" class=\"wpcf7-form-control wpcf7-textarea\" aria-invalid=\"false\" placeholder=\"Tu mensaje\" name=\"your-message\"><\/textarea><\/span>\n<\/p>\n<div class=\"wpcf7-captcha\">\n\t<p><span class=\"wpcf7-form-control-wrap\" data-name=\"captcha-170\"><input size=\"4\" maxlength=\"4\" class=\"wpcf7-form-control wpcf7-captchar\" autocomplete=\"off\" aria-invalid=\"false\" value=\"\" type=\"text\" name=\"captcha-170\" \/><\/span><input type=\"hidden\" name=\"_wpcf7_captcha_challenge_captcha-170\" value=\"37000963\" \/><img loading=\"lazy\" decoding=\"async\" class=\"wpcf7-form-control wpcf7-captchac wpcf7-captcha-captcha-170\" width=\"72\" height=\"24\" alt=\"captcha\" src=\"https:\/\/www.narita.es\/thinklab\/wp-content\/uploads\/wpcf7_captcha\/37000963.png\" \/>\n\t<\/p>\n<\/div>\n<div class=\"wpcf7-controls\">\n\t<div class=\"wpcf7-checkbox\">\n\t\t<p><label><span class=\"wpcf7-form-control-wrap\" data-name=\"acceptance-terms\"><span class=\"wpcf7-form-control wpcf7-acceptance\"><span class=\"wpcf7-list-item\"><label><input type=\"checkbox\" name=\"acceptance-terms\" value=\"1\" aria-invalid=\"false\" \/><span class=\"wpcf7-list-item-label\">Acepto los <a href=\"https:\/\/www.narita.es\/thinklab\/politica-privacidad\/\" target=\"_blank\">t\u00e9rminos de privacidad.<\/a><\/span><\/label><\/span><\/span><\/span><\/label>\n\t\t<\/p>\n\t<\/div>\n\t<p><input class=\"wpcf7-form-control wpcf7-submit has-spinner\" type=\"submit\" value=\"Enviar\" \/>\n\t<\/p>\n<\/div><div class=\"wpcf7-response-output\" aria-hidden=\"true\"><\/div>\n<\/form>\n<\/div>\n<\/div>\n        <\/div>\n    <\/div>\n<\/div>","protected":false},"excerpt":{"rendered":"","protected":false},"author":4,"featured_media":0,"parent":0,"menu_order":0,"comment_status":"closed","ping_status":"closed","template":"","meta":{"_acf_changed":false,"inline_featured_image":false,"footnotes":""},"class_list":["post-25","page","type-page","status-publish","hentry"],"acf":[],"yoast_head":"<!-- This site is optimized with the Yoast SEO plugin v27.5 - https:\/\/yoast.com\/product\/yoast-seo-wordpress\/ -->\n<title>Contacto | NARITA Thinklab<\/title>\n<meta name=\"description\" content=\"\u00bfCrees que tienes algo que contarnos o que aportar a Narita ThinkLab? Ap\u00fantate a nuestra newsletter o ponte\u2028en contacto. Tambi\u00e9n puedes llamarnos.\" \/>\n<meta name=\"robots\" content=\"index, follow, max-snippet:-1, max-image-preview:large, max-video-preview:-1\" \/>\n<link rel=\"canonical\" href=\"https:\/\/www.narita.es\/thinklab\/contacto\/\" \/>\n<meta property=\"og:locale\" content=\"es_ES\" \/>\n<meta property=\"og:type\" content=\"article\" \/>\n<meta property=\"og:title\" content=\"Contacto | NARITA Thinklab\" \/>\n<meta property=\"og:description\" content=\"\u00bfCrees que tienes algo que contarnos o que aportar a Narita ThinkLab? Ap\u00fantate a nuestra newsletter o ponte\u2028en contacto. Tambi\u00e9n puedes llamarnos.\" \/>\n<meta property=\"og:url\" content=\"https:\/\/www.narita.es\/thinklab\/contacto\/\" \/>\n<meta property=\"og:site_name\" content=\"NARITA Thinklab\" \/>\n<meta property=\"article:publisher\" content=\"https:\/\/www.facebook.com\/narita.estudio\" \/>\n<meta property=\"article:modified_time\" content=\"2024-11-29T00:51:01+00:00\" \/>\n<meta property=\"og:image\" content=\"https:\/\/www.narita.es\/thinklab\/wp-content\/uploads\/2024\/10\/narita-think-lab.png\" \/>\n\t<meta property=\"og:image:width\" content=\"1714\" \/>\n\t<meta property=\"og:image:height\" content=\"848\" \/>\n\t<meta property=\"og:image:type\" content=\"image\/png\" \/>\n<meta name=\"twitter:card\" content=\"summary_large_image\" \/>\n<script type=\"application\/ld+json\" class=\"yoast-schema-graph\">{\"@context\":\"https:\\\/\\\/schema.org\",\"@graph\":[{\"@type\":\"WebPage\",\"@id\":\"https:\\\/\\\/www.narita.es\\\/thinklab\\\/contacto\\\/\",\"url\":\"https:\\\/\\\/www.narita.es\\\/thinklab\\\/contacto\\\/\",\"name\":\"Contacto | NARITA Thinklab\",\"isPartOf\":{\"@id\":\"https:\\\/\\\/www.narita.es\\\/thinklab\\\/#website\"},\"datePublished\":\"2024-04-24T13:25:39+00:00\",\"dateModified\":\"2024-11-29T00:51:01+00:00\",\"description\":\"\u00bfCrees que tienes algo que contarnos o que aportar a Narita ThinkLab? Ap\u00fantate a nuestra newsletter o ponte\\u2028en contacto. Tambi\u00e9n puedes llamarnos.\",\"breadcrumb\":{\"@id\":\"https:\\\/\\\/www.narita.es\\\/thinklab\\\/contacto\\\/#breadcrumb\"},\"inLanguage\":\"es\",\"potentialAction\":[{\"@type\":\"ReadAction\",\"target\":[\"https:\\\/\\\/www.narita.es\\\/thinklab\\\/contacto\\\/\"]}]},{\"@type\":\"BreadcrumbList\",\"@id\":\"https:\\\/\\\/www.narita.es\\\/thinklab\\\/contacto\\\/#breadcrumb\",\"itemListElement\":[{\"@type\":\"ListItem\",\"position\":1,\"name\":\"Portada\",\"item\":\"https:\\\/\\\/www.narita.es\\\/thinklab\\\/\"},{\"@type\":\"ListItem\",\"position\":2,\"name\":\"Contacto\"}]},{\"@type\":\"WebSite\",\"@id\":\"https:\\\/\\\/www.narita.es\\\/thinklab\\\/#website\",\"url\":\"https:\\\/\\\/www.narita.es\\\/thinklab\\\/\",\"name\":\"NARITA Thinklab\",\"description\":\"Espacio de Investigaci\u00f3n, Exploraci\u00f3n y Dise\u00f1o: el dise\u00f1o es inevitable, las estrategias imprescindibles.\",\"publisher\":{\"@id\":\"https:\\\/\\\/www.narita.es\\\/thinklab\\\/#organization\"},\"alternateName\":\"NARITA Thinklab\",\"potentialAction\":[{\"@type\":\"SearchAction\",\"target\":{\"@type\":\"EntryPoint\",\"urlTemplate\":\"https:\\\/\\\/www.narita.es\\\/thinklab\\\/?s={search_term_string}\"},\"query-input\":{\"@type\":\"PropertyValueSpecification\",\"valueRequired\":true,\"valueName\":\"search_term_string\"}}],\"inLanguage\":\"es\"},{\"@type\":\"Organization\",\"@id\":\"https:\\\/\\\/www.narita.es\\\/thinklab\\\/#organization\",\"name\":\"NARITA Thinklab\",\"url\":\"https:\\\/\\\/www.narita.es\\\/thinklab\\\/\",\"logo\":{\"@type\":\"ImageObject\",\"inLanguage\":\"es\",\"@id\":\"https:\\\/\\\/www.narita.es\\\/thinklab\\\/#\\\/schema\\\/logo\\\/image\\\/\",\"url\":\"https:\\\/\\\/www.narita.es\\\/thinklab\\\/wp-content\\\/uploads\\\/2026\\\/02\\\/NaritaThinkLab_Logo.svg\",\"contentUrl\":\"https:\\\/\\\/www.narita.es\\\/thinklab\\\/wp-content\\\/uploads\\\/2026\\\/02\\\/NaritaThinkLab_Logo.svg\",\"width\":256,\"height\":23,\"caption\":\"NARITA Thinklab\"},\"image\":{\"@id\":\"https:\\\/\\\/www.narita.es\\\/thinklab\\\/#\\\/schema\\\/logo\\\/image\\\/\"},\"sameAs\":[\"https:\\\/\\\/www.facebook.com\\\/narita.estudio\",\"https:\\\/\\\/www.instagram.com\\\/naritaestudio\"]}]}<\/script>\n<!-- \/ Yoast SEO plugin. -->","yoast_head_json":{"title":"Contacto | NARITA Thinklab","description":"\u00bfCrees que tienes algo que contarnos o que aportar a Narita ThinkLab? Ap\u00fantate a nuestra newsletter o ponte\u2028en contacto. Tambi\u00e9n puedes llamarnos.","robots":{"index":"index","follow":"follow","max-snippet":"max-snippet:-1","max-image-preview":"max-image-preview:large","max-video-preview":"max-video-preview:-1"},"canonical":"https:\/\/www.narita.es\/thinklab\/contacto\/","og_locale":"es_ES","og_type":"article","og_title":"Contacto | NARITA Thinklab","og_description":"\u00bfCrees que tienes algo que contarnos o que aportar a Narita ThinkLab? Ap\u00fantate a nuestra newsletter o ponte\u2028en contacto. Tambi\u00e9n puedes llamarnos.","og_url":"https:\/\/www.narita.es\/thinklab\/contacto\/","og_site_name":"NARITA Thinklab","article_publisher":"https:\/\/www.facebook.com\/narita.estudio","article_modified_time":"2024-11-29T00:51:01+00:00","og_image":[{"width":1714,"height":848,"url":"https:\/\/www.narita.es\/thinklab\/wp-content\/uploads\/2024\/10\/narita-think-lab.png","type":"image\/png"}],"twitter_card":"summary_large_image","schema":{"@context":"https:\/\/schema.org","@graph":[{"@type":"WebPage","@id":"https:\/\/www.narita.es\/thinklab\/contacto\/","url":"https:\/\/www.narita.es\/thinklab\/contacto\/","name":"Contacto | NARITA Thinklab","isPartOf":{"@id":"https:\/\/www.narita.es\/thinklab\/#website"},"datePublished":"2024-04-24T13:25:39+00:00","dateModified":"2024-11-29T00:51:01+00:00","description":"\u00bfCrees que tienes algo que contarnos o que aportar a Narita ThinkLab? Ap\u00fantate a nuestra newsletter o ponte\u2028en contacto. Tambi\u00e9n puedes llamarnos.","breadcrumb":{"@id":"https:\/\/www.narita.es\/thinklab\/contacto\/#breadcrumb"},"inLanguage":"es","potentialAction":[{"@type":"ReadAction","target":["https:\/\/www.narita.es\/thinklab\/contacto\/"]}]},{"@type":"BreadcrumbList","@id":"https:\/\/www.narita.es\/thinklab\/contacto\/#breadcrumb","itemListElement":[{"@type":"ListItem","position":1,"name":"Portada","item":"https:\/\/www.narita.es\/thinklab\/"},{"@type":"ListItem","position":2,"name":"Contacto"}]},{"@type":"WebSite","@id":"https:\/\/www.narita.es\/thinklab\/#website","url":"https:\/\/www.narita.es\/thinklab\/","name":"NARITA Thinklab","description":"Espacio de Investigaci\u00f3n, Exploraci\u00f3n y Dise\u00f1o: el dise\u00f1o es inevitable, las estrategias imprescindibles.","publisher":{"@id":"https:\/\/www.narita.es\/thinklab\/#organization"},"alternateName":"NARITA Thinklab","potentialAction":[{"@type":"SearchAction","target":{"@type":"EntryPoint","urlTemplate":"https:\/\/www.narita.es\/thinklab\/?s={search_term_string}"},"query-input":{"@type":"PropertyValueSpecification","valueRequired":true,"valueName":"search_term_string"}}],"inLanguage":"es"},{"@type":"Organization","@id":"https:\/\/www.narita.es\/thinklab\/#organization","name":"NARITA Thinklab","url":"https:\/\/www.narita.es\/thinklab\/","logo":{"@type":"ImageObject","inLanguage":"es","@id":"https:\/\/www.narita.es\/thinklab\/#\/schema\/logo\/image\/","url":"https:\/\/www.narita.es\/thinklab\/wp-content\/uploads\/2026\/02\/NaritaThinkLab_Logo.svg","contentUrl":"https:\/\/www.narita.es\/thinklab\/wp-content\/uploads\/2026\/02\/NaritaThinkLab_Logo.svg","width":256,"height":23,"caption":"NARITA Thinklab"},"image":{"@id":"https:\/\/www.narita.es\/thinklab\/#\/schema\/logo\/image\/"},"sameAs":["https:\/\/www.facebook.com\/narita.estudio","https:\/\/www.instagram.com\/naritaestudio"]}]}},"_links":{"self":[{"href":"https:\/\/www.narita.es\/thinklab\/wp-json\/wp\/v2\/pages\/25","targetHints":{"allow":["GET"]}}],"collection":[{"href":"https:\/\/www.narita.es\/thinklab\/wp-json\/wp\/v2\/pages"}],"about":[{"href":"https:\/\/www.narita.es\/thinklab\/wp-json\/wp\/v2\/types\/page"}],"author":[{"embeddable":true,"href":"https:\/\/www.narita.es\/thinklab\/wp-json\/wp\/v2\/users\/4"}],"replies":[{"embeddable":true,"href":"https:\/\/www.narita.es\/thinklab\/wp-json\/wp\/v2\/comments?post=25"}],"version-history":[{"count":4,"href":"https:\/\/www.narita.es\/thinklab\/wp-json\/wp\/v2\/pages\/25\/revisions"}],"predecessor-version":[{"id":954,"href":"https:\/\/www.narita.es\/thinklab\/wp-json\/wp\/v2\/pages\/25\/revisions\/954"}],"wp:attachment":[{"href":"https:\/\/www.narita.es\/thinklab\/wp-json\/wp\/v2\/media?parent=25"}],"curies":[{"name":"wp","href":"https:\/\/api.w.org\/{rel}","templated":true}]}}